9, what is -1 - -1702853?
1702852
In base 7, what is -30424 - 14115?
-44542
In base 14, what is -24d01 + -ca1?
-25ba2
In base 15, what is 58a1 - 89?
5817
In base 9, what is 3 - 7546368?
-7546365
In base 5, what is -24042404 + -1130?
-24044034
In base 11, what is -1648 - -411a?
2582
In base 7, what is 1244 + -1501100?
-1466523
In base 14, what is -3b126 - -34?
-3b0d2
In base 7, what is 1560040 + 11536?
1601606
In base 15, what is 6b661ae - 8?
6b661a6
In base 14, what is -4 - -ba175c?
ba1758
In base 10, what is 0 - -1843160?
1843160
In base 11, what is 17 - -515223?
51523a
In base 3, what is 12201222210 + -2022?
12201220111
In base 2, what is -10011101010110111001 - 10111011?
-10011101011001110100
In base 11, what is -530090 - 34?
-530114
In base 4, what is -2 + -11302310000132?
-11302310000200
In base 16, what is -63 - -41894?
41831
In base 3, what is -220011 + -1020121112?
-1021111200
In base 2, what is 1101101 - 101100100000000100111?
-101100011111110111010
In base 12, what is -62a2031 - 20?
-62a2051
In base 2, what is -101111001100 - -111011110?
-100111101110
In base 7, what is 101 + -51230601?
-51230500
In base 4, what is -2103000221 + 2133?
-2102332022
In base 5, what is 12212 - 134431?
-122214
In base 9, what is -230 + -18636?
-18866
In base 10, what is 47 + 27236?
27283
In base 11, what is -16a81397 + -5?
-16a813a1
In base 3, what is 21010220202 - 1101?
21010212101
In base 6, what is 205 + -2430404?
-2430155
In base 4, what is 21220310 - -302?
21221212
In base 8, what is -2315 - 236446?
-240763
In base 5, what is 1234 + -2100431111?
-2100424322
In base 13, what is -8b - 1373bc?
-13747a
In base 8, what is 1355 + -20504?
-17127
In base 7, what is -3326 - 255501?
-262130
In base 14, what is 9 + 2000b6?
2000c1
In base 15, what is cc9aa - 16?
cc994
In base 11, what is -8416 + 3207?
-520a
In base 9, what is 3 + -5381335?
-5381332
In base 15, what is 1704e - 34?
1701a
In base 16, what is 22d37f - 4?
22d37b
In base 6, what is -10211 + 555?
-5212
In base 15, what is 3 + -300c9b?
-300c98
In base 8, what is -15 + -21704715?
-21704732
In base 5, what is 30011012310 - 10?
30011012300
In base 6, what is -135141120 - -14?
-135141102
In base 10, what is -164 + 10078?
9914
In base 4, what is -1032220 + -2221130?
-3320010
In base 2, what is 110101100010100001000111 + 11?
110101100010100001001010
In base 11, what is 54a8072 - -6a?
54a8131
In base 13, what is 4614 - 390c9?
-347b5
In base 7, what is -3 + 636003555?
636003552
In base 16, what is 151f5 - fb?
150fa
In base 12, what is 1 - -30a550?
30a551
In base 10, what is 4271586 - 0?
4271586
In base 15, what is -a2519c + -a?
-a251a7
In base 7, what is -12325 - 2232044?
-2244402
In base 9, what is -13088334 + 0?
-13088334
In base 16, what is -13e + -79a9?
-7ae7
In base 10, what is 1 - 1504360?
-1504359
In base 10, what is -782 - -2425?
1643
In base 4, what is -23021003113 - 2?
-23021003121
In base 9, what is 546 + -332014?
-331357
In base 7, what is 5 + 1633554562?
1633554600
In base 9, what is 4315 - 14458?
-10143
In base 16, what is -59861 + -1d?
-5987e
In base 14, what is 1 - -2495?
2496
In base 5, what is 203303314203 - -4?
203303314212
In base 8, what is 1570 + 2570?
4360
In base 5, what is 102 + -434202401?
-434202244
In base 6, what is -13515 - -234514?
220555
In base 14, what is -17 + 3a1647d?
3a16466
In base 3, what is 1202 + -2121121011?
-2121112102
In base 14, what is 36926 + 59?
36981
In base 6, what is 2204144504 + -5?
2204144455
In base 7, what is 1 + -345035144?
-345035143
In base 8, what is -270325251 + 4?
-270325245
In base 3, what is 2 - 12210022102012221?
-12210022102012212
In base 16, what is -2b3 + 9fd?
74a
In base 13, what is -323a - b508?
-11745
In base 10, what is -3 + 1148184?
1148181
In base 5, what is 21233114 + -114?
21233000
In base 15, what is -9 - 1319550?
-1319559
In base 13, what is 2a3a43 + -6?
2a3a3a
In base 8, what is 20564 + 326?
21112
In base 15, what is -9dd7d4 - 6?
-9dd7da
In base 5, what is -3031 + 121313301?
121310220
In base 10, what is 132674 + 2044?
134718
In base 10, what is -68031443 - -1?
-68031442
In base 9, what is 2 + -75455553?
-75455551
In base 3, what is 1 + 110022211111211?
110022211111212
In base 7, what is 24 - 65066141?
-65066114
In base 14, what is -17722aa + 5?
-17722a5
In base 9, what is -3 + -6611542?
-6611545
In base 10, what is 0 - 10269419?
-10269419
In base 7, what is -252332645 - 2?
-252332650
In base 6, what is -2555523 - -5401?
-2550122
In base 11, what is -15 - -2847816?
2847801
In base 9, what is -333188 + 21?
-333167
In base 2, what is -1010111100000 - 11100000011?
-1110011100011
In base 9, what is 3 + 27050445?
27050448
In base 15, what is -1c1055 - 11?
-1c1066
In base 15, what is 6dda9 - -4?
6ddad
In base 5, what is -1010 - -3304340?
3303330
In base 13, what is -2cb + 7b?
-250
In base 5, what is 22320 - 1301422?
-1224102
In base 16, what is -c564d - -3?
-c564a
In base 15, what is 8 + -38e1e?
-38e16
In base 13, what is -5784a2 + 3?
-57849c
In base 5, what is -23 - -334104210?
334104132
In base 4, what is -1 + 10111223020222?
10111223020221
In base 13, what is -5 + -b807c?
-b8084
In base 16, what is -51 + -22fec8?
-22ff19
In base 5, what is -14423103 + -123?
-14423231
In base 4, what is 2100310211313 - -2?
2100310211321
In base 11, what is 4 - 313a69a?
-313a696
In base 15, what is -12ad055 + -4?
-12ad059
In base 8, what is 3 + 133170455?
133170460
In base 16, what is -920 + 1f3f?
161f
In base 13, what is 32 + -132468?
-132436
In base 3, what is -1 + -1121210100222001?
-1121210100222002
In base 7, what is -155414 - -5101?
-150313
In base 11, what is 5 - 4448711?
-4448707
In base 14, what is -5 + 25c314?
25c30d
In base 16, what is 1 + ab128c?
ab128d
In base 14, what is -104a0164d - -4?
-104a01649
In base 2, what is -1111011011001 + 100111111010110?
11000011111101
In base 13, what is -145b0 + -4cb?
-14aab
In base 10, what is 2312099 + -8?
2312091
In base 14, what is -2385ab + -a?
-2385b7
In base 6, what is -444 + -4524232?
-4525120
In base 6, what is -105 + -225205140?
-225205245
In base 8, what is 21 - 15520760?
-15520737
In base 9, what is 11276 - -15413?
26700
In base 12, what is -1 - -146068b0?
146068ab
In base 16, what is -12cf4b - 1?
-12cf4c
In base 13, what is 96099 + 942?
96a0b
In base 15, what is 39a58 - 24?
39a34
In base 14, what is 25 + 82171d?
821744
In base 7, what is 3502353 - -1?
3502354
In base 16, what is 3 + -db7d7f?
-db7d7c
In base 2, what is -110 + -1111010001110001011111111?
-1111010001110001100000101
In base 9, what is -4 + -4635177?
-4635182
In base 11, what is 4 - 5a49935?
-5a49931
In base 2, what is 1000100111011110110000 + -1?
1000100111011110101111
In base 6, what is 14120 - 14425?
-305
In base 5, what is -22301 + -11222?
-34023
In base 13, what is -345579b4 + 5?
-345579ac
In base 13, what is 404 + 431b?
4722
In base 7, what is -16466252565 - -2?
-16466252563
In base 12, what is -a66 - -23900?
22a56
In base 4, what is -2032030 - 10021202?
-12113232
In base 14, what is -225c5 - 600?
-22bc5
In base 2, what is 10000 + 10010010110111000010?
10010010110111010010
In base 12, what is 1b - -b5b24?
b5b43
In base 10, what is 5 - 650930?
-650925
In base 4, what is -1131120 + 11312?
-1113202
In base 8, what is -26 - 26414724?
-26414752
In base 6, what is 2314215 - 10?
2314205
In base 15, what is 24b6 - -10be?
3585
In base 8, what is 34701 - -11136?
46037
In base 5, what is -11034341 - -13232?
-11021104
In base 11, what is 4647938 - -2?
464793a
In base 12, what is -21 - -80950a1?
8095080
In base 8, what is 3462776 + -4?
3462772
In base 2, what is 110 + -100001110100001011011011?
-100001110100001011010101
In base 7, what is -41624 - 162644?
-234601
In base 2, what is 1111010 + 1110010000101111110?
1110010000111111000
In base 14, what is 4d36c5 - 6?
4d36bd
In base 12, what is bb38a57 - 1?
bb38a56
In base 13, what is -578c - -b01?
-498b
In base 6, what is 4 - 35544325425?
-35544325421
In base 5, what is 20220 + -201212?
-130442
In base 5, what is 430200400 - 0?
430200400
In base 16, what is 24 + -918e28?
-918e04
In base 5, what is -224 - 20411000?
-20411224
In base 13, what is -3 + -24a9044?
-24a9047
In base 6, what is 30400 + -13032?
13324
In base 7, what is 1551 + 10146500?
10151351
In base 8, what is 242323 + 4314?
246637
